 7 - 1 + u + 13. What is m(z)?
-2
Let f(n) = -3*n**2 + 33*n + 5. Let x be f(11). Let s(m) = m**2 + 3 - x*m + 1 - m - 1. What is s(6)?
3
Let o(k) = -k**3 + 2*k**2 - 2*k - 3. Let m be -4*(-1 - (-12)/8). Let u be (-220)/(-8) - (-1)/m. Let j = 25 - u. Determine o(j).
17
Let y(j) = -10*j - 10*j**2 - j**3 - 15 - 3 + 2. Give y(-9).
-7
Let x(q) = 9*q - 2. Suppose 0 = -3*n + 5*n + 22. Let f(g) = 6. Let v(l) = -l + 5. Let c(s) = -4*f(s) + 5*v(s). Let r(i) = n*c(i) - 6*x(i). What is r(3)?
4
Let y(x) = x**2. Suppose 0 = 2*g - 3*n - 16, -4*n + n = g + 1. Suppose g*d - 9 + 99 = 0. Let f = d + 21. What is y(f)?
9
Suppose -34 = 23*n + 219. Let k(v) = v**3 + 12*v**2 + 14*v + 15. What is k(n)?
-18
Suppose -32 = 4*y - 100. Let b(p) = -p**2 + 16*p + 25. Determine b(y).
8
Let v(l) be the first derivative of l**4/4 + l**3 - 3*l**2/2 - l - 42. Determine v(-3).
8
Let u(w) be the first derivative of -w**4/4 + 17*w**3/3 - 9*w**2 + 17*w + 24. Give u(16).
-15
Let r = 54 - 53. Let t(v) = v**2 - v. Let w(k) = 6*k**2 - 6*k + 1. Let f(b) = r*w(b) - 5*t(b). Calculate f(1).
1
Suppose -4*i = 11*i - 30. Let u(n) = -2*n**3 - 24*n - 7 + 31*n - 6*n**2 + 3*n**3 + 0*n**i. What is u(5)?
3
Let v(o) be the second derivative of o**3/6 + 4*o**2 - 20*o. Let f(m) = -2*m - 8. Let j(y) = -2*f(y) - 3*v(y). Calculate j(8).
0
Suppose 2*l - 4*x = 0, -4*l - 78*x = -73*x. Let c(j) be the first derivative of 5 + l*j**2 + j - 17/3*j**3. Determine c(-1).
-16
Let a = 90 + -86. Suppose -4*q = -a*w + 36, -5*q = -q + 4. Let l(b) = b**3 - 7*b**2 - 9*b + 6. What is l(w)?
-2
Let c(u) = -7*u. Let b(j) = -6*j - 1. Let d(x) = -2*b(x) + 3*c(x). Give d(-2).
20
Let i(l) be the third derivative of -l**6/120 - l**5/10 + l**4/3 + l**3 + 74*l**2. What is i(-7)?
-1
Let m(c) be the first derivative of 5*c**2/2 + 13*c - 25. Calculate m(-4).
-7
Let v = -160 + 147. Let i(n) = n + 17. Give i(v).
4
Let z(x) = 1 - 2 - 25*x**2 - 2 + 1 + 5*x + 28*x**2 - x**3. Determine z(3).
13
Let d(n) = -76*n + 5. Let b(c) = 11*c. Let x(a) = -7*b(a) - d(a). Calculate x(6).
-11
Let q(t) be the second derivative of 0 + 1/6*t**3 + 4*t - 3*t**2. What is q(0)?
-6
Let b(g) be the first derivative of 0*g**2 + 8*g - 1 + 1/3*g**3 + 1/2*g**4. Let s(z) = -z**3 - 2*z**2 + z - 7. Let a(m) = 2*b(m) + 3*s(m). Calculate a(4).
7
Let n(a) = -5*a**2 + 2*a + 1. Let h be (-231)/66*(-3 + 34/14). What is n(h)?
-15
Let n be (63/27)/((-2)/(-6)). Let w = 7 + -7. Let m(i) = -5*i - i + i**2 + w*i + 0*i. What is m(n)?
7
Let q(m) be the third derivative of m**5/60 + m**4/4 - 3*m**3/2 + 102*m**2. What is q(-7)?
-2
Let b(u) = -u. Let q(s) = -7*s. Suppose 0 = -2*p - 9 + 7. Let k(h) = p*q(h) + 4*b(h). Determine k(-1).
-3
Let f(w) = 3*w**2 - 423*w + 846*w - w**3 - 418*w + 2. What is f(4)?
6
Let h(x) = x**2 - x - 1. Let i(j) = 3 + 9 + 7*j + 0*j - 7*j**2 - 2*j. Let d(n) = -6*h(n) - i(n). Determine d(0).
-6
Suppose -5*q + 18 = -2*q - p, p = -q + 10. Let h(t) = -2*t + 13. What is h(q)?
-1
Let u(s) = s**3 + s**2 + 15. Let n(x) = x**3 - 6*x**2 + 6*x + 3. Let p be n(5). Let c = p + -24. Let g = -16 - c. Give u(g).
15
Suppose 7*y = 3*y + 20. Suppose -4*t + 2*g + 8 = -2*t, -y*t = -2*g - 26. Let f(n) = -4*n + 3. Determine f(t).
-21
Let s(m) = -m**3 - m**2 - m - 1. Let b(i) = -5*i**3 - 16*i**2 - 5*i - 8. Let n(t) = b(t) - 4*s(t). Let k be n(-12). Let f(l) = l**2 - 8*l - 3. What is f(k)?
-3
Let g = -13 - -38. Suppose 3*u = -2*f + 28, 4*f = -f + g. Let m(y) = 2*y + 2. Determine m(u).
14
Let l(t) = -t**2 + 4*t + 8. Let s(r) = -36*r**2 - 1 + 18*r**2 + 19*r**2 + r. Let p(i) = l(i) + 2*s(i). What is p(-5)?
1
Let c(l) = l**2 + 3*l - 10. Let d(f) = -f**2 + 47*f - 251. Let w be d(6). Give c(w).
0
Suppose 5*y - 5 = 5*a, 4*y = -2*a + 21 - 17. Let j(w) be the second derivative of -w**3/2 + w. Determine j(y).
-3
Let p(v) = -v - 3. Let c = -547 - -550. Calculate p(c).
-6
Let j = 517 + -1033/2. Let x(i) be the first derivative of -8 + 0*i + j*i**2 - 3*i**3. Determine x(1).
-8
Let i(o) be the first derivative of 2*o**2 + 7*o + 161. Give i(5).
27
Let k(f) = -1 - 68*f**3 - 29*f**3 + 108*f**3. Calculate k(1).
10
Let r(h) = -h**3 + h**2. Let t(z) = 3*z**3 - 10*z**2 - 6*z - 5. Let c(k) = -4*r(k) - t(k). What is c(-5)?
0
Let l(d) be the first derivative of -d**4/4 + 2*d**3/3 - d**2/2 + d - 87. What is l(2)?
-1
Let h(c) = c + 1. Let d(u) = -3. Let r(g) = d(g) - 3*h(g). Let l(z) = 2*z + 3. Let w(q) = -5*l(q) - 2*r(q). Determine w(-2).
5
Let t(k) = -k**3 - 3*k**2 + k + 7. Suppose 2*a + 1 + 5 = 0. Let h be t(a). Let b(u) = u**3 - 3*u**2 - 5*u - 1. Give b(h).
-5
Let l = -622 - -616. Let n(z) = z + 9. Determine n(l).
3
Let x be (-1)/(-5) + 130/(-25). Let w(u) = -13*u - 4. Let i(f) = -7*f - 2. Let t(y) = 11*i(y) - 6*w(y). Calculate t(x).
-3
Suppose 5*x + 4 = -p, 0 = -p + 4*x - 2*x + 3. Let h(c) = 0*c**3 + 4*c**3 - 3*c**2 - 3*c**3 - 2*c + 5 + p. Let z(r) = -2*r. Let u be z(-2). Determine h(u).
14
Suppose 3*y - 8 = -2. Suppose 3*v = -y*v + 40. Let l(d) = 8*d - v*d - 5*d. Give l(1).
-5
Let x(c) = -8*c - 10. Let m(y) = -31*y + 91. Let u be m(3). What is x(u)?
6
Let u(b) = b**2 + 9*b + 2. Let g(j) = 7*j - 29. Let y(h) = -15*h + 59. Let m(f) = -9*g(f) - 4*y(f). Let s be m(11). Give u(s).
-6
Let t(m) = m**2 + 11*m + 27. Let i be t(-12). Let n(b) = -i*b**2 - 4 + 15*b**2 + 22*b**2 + b**3 + 3*b. Give n(3).
14
Let m(x) = -x**2 + x + 3. Let u(l) = -5 + 5*l + 6*l + 4*l**2 - 3*l**2 - 7*l. Let s be u(-5). Give m(s).
3
Let a(z) = -z - 11. Let g(p) = p + 5. Suppose -4*x - 46 = -5*u, -4*u + 2*u = 5*x + 8. Let m = u + -11. Let s be g(m). What is a(s)?
-11
Let d(w) = w**2 + w - 3. Let m(j) = j**2 - 25*j + 161. Let v be m(11). What is d(v)?
53
Let c(b) be the third derivative of -7*b**5/120 - b**4/6 - 4*b**3 + 5*b**2. Let w(m) be the first derivative of c(m). Determine w(-4).
24
Let x(k) be the second derivative of k**5/20 + k**4/12 - k**3/3 + k**2/2 + 2*k - 49. Calculate x(-2).
1
Let l(d) = d**3 - 2. Let o(w) = -w**3 + 5*w**2 + 3*w + 3. Let s(m) = -3*l(m) - o(m). Calculate s(-3).
21
Let n(c) = c**3 - 7*c**2 + 6*c - 6. Suppose 3*h + 4 = -2. Let j(v) = 3*v + 12. Let u be j(h). Give n(u).
-6
Let f(j) = j**3 - 12*j**2 + 11*j. Let m be f(11). Let l(r) = r**3 - r + 2. What is l(m)?
2
Let a be (94/14)/1 + (-8)/(-28). Let h(p) = p - 5*p**2 - 12 - a + 18. Determine h(1).
-5
Let b = 58 - -5. Let p = -72 + b. Let c(i) = -i**2 - 10*i - 2. Determine c(p).
7
Let q(c) = c**3 - 117101*c + 117070*c - 15 - 14*c**2 + 1. Determine q(16).
2
Let d(f) = 2*f**3 - 13*f**2 - 2*f + 2. Let o(j) = j**3 - 6*j**2 + 1. Let k(p) = -2*d(p) + 5*o(p). Determine k(3).
4
Let p(n) = -n**3 + n**2 + 4*n - 4. Let r be p(3). Let a(m) = m**3 + 10*m**2 - m - 6. Let s be a(r). Let f(l) = 3*l - l**2 + 26 + 26 - 57. What is f(s)?
-9
Let z(m) be the second derivative of -1/12*m**4 + 0 - 11/2*m**2 + 0*m**3 - 2*m + 1/20*m**5. Calculate z(0).
-11
Suppose -5*f + 16 = 4*m - m, 3*m - 3*f = 24. Suppose -3*o - 19 = 2*v + 16, -v = 2*o + 24. Let g = m + o. Let a(r) = -r + 3. Determine a(g).
9
Suppose y = -8*w + 3*w - 5, -w + 2*y = 1. Let x(c) = 8*c. What is x(w)?
-8
Let c(y) = y**2 - 4*y - 46. Suppose -198 = -39*z + 17*z. What is c(z)?
-1
Let a = -12863/24 - -536. Let h(n) be the third derivative of 1/15*n**5 - a*n**4 + 0*n**3 + 7*n**2 + 0 + 0*n. Calculate h(-1).
5
Let f = -150 - -154. Let k(l) = -l**3 + 3*l**2 + 2. Determine k(f).
-14
Let x(p) be the first derivative of p**4/4 + p**2 + 2*p - 1. Let s(a) = -2*a**2 + 9*a - 11. Let r be s(3). Determine x(r).
-10
Let u(s) = -11*s**2 + 2*s + 4. Let v(g) = 2*g**2 - g - 1. Let b(y) = -u(y) - 6*v(y). Give b(4).
2
Let c(t) be the third derivative of t**4/4 - t**3/3 + 27*t**2. Determine c(-2).
-14
Let x(o) = -o - 1. Suppose -2 + 0 = c. Let t(z) = -z. Let h(w) = c*t(w) + 6*x(w). Let m be (16/30*-3)/(2/5). Give h(m).
10
Let t(m) = 10*m - 13. Let y(n) = -27*n + 38. Let z(r) = -8*t(r) - 3*y(r). What is z(7)?
-3
Let h = 1264 - 1274. Let m(j) = -j**3 - 11*j**2 - 7*j + 23. What is m(h)?
-7
Let m(p) = -p**2 + p - 1. Let r(w) = -w**2 + 8*w - 5. Let o(h) = -3*m(h) + r(h). Suppose 3*j = 3*a + 15, -j + 0*j = -5*a - 21. What is o(a)?
10
Let v(k) = k**2 - 7*k - 2. Suppose 21 = -16*a + 19*a. Give v(a).
-2
Let o(b) = -b**3 - 3*b**2 + 3*b - 5. Let l be 1*(1 + -1)*-1. Suppose l = 10*h - 15*h - 20. Determine o(h).
-1
Let t = 22 - -8. Suppose 5*b + 0 = -t. Let m(j) =